7 = 3*y + 26. Let a = 97 - 55. What is the remainder when a is divided by y?
12
Let w be ((-12)/(-8))/((-6)/(-8)). Let i(o) = 4*o**2 + 3*o - 1. Calculate the remainder when 61 is divided by i(w).
19
What is the remainder when (159/(-15))/(-1 - (-8)/10) is divided by 27?
26
Let a be (-20)/(2/(-4)*2). Suppose 5*y + a = 7*y. Calculate the remainder when (-34)/4*(-4)/2 is divided by y.
7
Suppose 2*n - 3*s - 19 = 0, 4*n = 3*s - 0*s + 35. Calculate the remainder when 28 is divided by n.
4
Suppose -3*c + c + 22 = 0. What is the remainder when c is divided by 6?
5
Let b(k) = 26*k**2 - k. Let d be b(1). What is the remainder when (-10)/d - (-37)/5 is divided by 2?
1
Suppose 5*s - 582 = -3*z, -68 = -s + 3*z + 52. What is the remainder when s is divided by 30?
27
Suppose -6*z + 10 = -4*z. Let b(s) = s**2 - 4*s - 3. Calculate the remainder when b(z) is divided by 0 - -1*3 - 2.
0
Let u(v) = -2*v**2 + 52 - 2*v**2 + 5*v**2. Let r(f) = f**3 - 9*f**2 + f - 9. Let k be r(9). What is the remainder when u(k) is divided by 18?
16
Let n = 124 + -71. Let b = -24 - -42. Calculate the remainder when n is divided by b.
17
Let z = -160 - -75. Let s = z - -120. Let r = -19 - -31. Calculate the remainder when s is divided by r.
11
Let l(p) = 6*p. Let k(s) = -s. Suppose -4*d + 0*m = -3*m + 17, 0 = d + 5*m - 13. Let i be k(d). Calculate the remainder when 46 is divided by l(i).
10
Let m(b) = 7*b + 2. Let f be m(-1). Let p(n) = 3 - 3*n + 0 - 1. Calculate the remainder when 32 is divided by p(f).
15
Let s(q) = q**3 - 5*q**2 - 4*q - 7. Let m be s(6). Let a = -4 + m. Calculate the remainder when 56 is divided by (-38)/(-2 + (1 - a)).
18
Let m = -53 + -11. Let y = m + 91. What is the remainder when y is divided by 10?
7
Suppose -1 = 3*n - 4. Let m = n - -14. What is the remainder when 56 is divided by (-93)/(-5) - (-6)/m?
18
Let h = 13 - 21. Let d = 11 + h. Suppose -7*u + 98 = -2*u + 4*m, d*m + 53 = 2*u. What is the remainder when u is divided by 8?
6
What is the remainder when 8 is divided by (-2)/(-10) + 4/((-40)/(-58))?
2
Let o = 2 - -3. Suppose -4*r - 5 - 2 = o*m, -5*r + 22 = -4*m. What is the remainder when 4 is divided by (r/(-6))/((-1)/9)?
1
Let l(r) = -r**3 + 11*r**2 - 7*r - 10. What is the remainder when 77 is divided by l(10)?
17
Let d = -10 + 18. Suppose -d*g + 4*g = -40. What is the remainder when 28 is divided by g?
8
Let w(g) = 7*g**2 - g + 1. Calculate the remainder when w(-3) is divided by 17.
16
Let y be 19/4 + (-2)/(-8). Suppose -y*k + 1 = -69. What is the remainder when (-82)/((-8)/(8 - 4)) is divided by k?
13
Let c be (-8)/(-36) + (-43)/(-9). Suppose c*g = y + 153, -y = 2*g - 5*y - 72. What is the remainder when g is divided by 8?
6
Let v be (-1)/(2*2/(-20)). Suppose -v*s + 42 = -2*s. Calculate the remainder when 41 is divided by s.
13
Calculate the remainder when (1/(-3))/(2/(-222)) is divided by 10.
7
Let s = 9 + 7. Suppose -4 = -3*u + 2*u. Suppose -w + 5*w = o - 22, -4*w - u = 2*o. What is the remainder when s is divided by o?
4
Let j = -1 - -7. What is the remainder when 22 is divided by j?
4
Suppose 2*f + c - 56 = -0*f, 5*c = -2*f + 56. Calculate the remainder when 109 is divided by f.
25
What is the remainder when 8 is divided by 0/(1 + -4 - 0) + 3?
2
Let j = 58 + -53. What is the remainder when 17 is divided by j?
2
Calculate the remainder when 19 is divided by (0 + (-4)/8)*-10.
4
Suppose -3*d - 61 = -4*q - 2*d, -27 = -3*q - 3*d. What is the remainder when 40 is divided by q?
12
Suppose -2*c = -3*h - 44, -4*c + 12 = -3*c - 4*h. Calculate the remainder when 55 is divided by c.
27
Let d be 2*3*4/6. Suppose d*f - 49 = y, 3*y = -2*f - 3*f + 57. Calculate the remainder when 21 is divided by f.
9
Let g = 1 - 1. Suppose 0 = -5*x - 2*u + 18, -3*u - u + 16 = g. Suppose b - 8 = -2*b + 4*i, -2*b = -3*i - 5. Calculate the remainder when b is divided by x.
0
Suppose -o + 0 - 2 = 0, -5*o = a - 15. What is the remainder when 2/2*(69 - -5) is divided by a?
24
What is the remainder when (-1 + (-9)/(-2))*(-48)/(-14) is divided by ((-21)/6)/(2/(-4))?
5
Let x(t) = 5*t. Let s be x(1). Suppose -s = 3*y - 80. Suppose -3*c - 61 = -5*o + o, 0 = 3*c + 9. What is the remainder when y is divided by o?
12
Let d(x) = -6*x + 13. Let k(i) = i**2 + i - 5. Let n be (-38)/8 + (-1)/4. Calculate the remainder when d(-5) is divided by k(n).
13
Let m(i) = -37*i**2 - i. Let l be m(1). Let v = l - -53. What is the remainder when 28 is divided by v?
13
Let r = -500 - -760. Suppose -5*h + r = -0*h. What is the remainder when h is divided by 18?
16
Let g(s) = s**3 + 7*s**2 - 1. Suppose 0 = 2*k + 3*k - 4*w - 60, 4*k + 2*w = 48. What is the remainder when g(-3) is divided by k?
11
Let u = -44 - -98. What is the remainder when u is divided by 11?
10
Suppose 0 = 2*f - 3*u - 19, -2 = -f + 4*u - 5. What is the remainder when 76 is divided by f?
8
Let q(u) = u - 9. Let h be q(9). Let c(z) = z**3 - z**2 + z + 16. What is the remainder when 47 is divided by c(h)?
15
Suppose 3*f - 147 = -3*x, f - 5*f + 204 = 2*x. What is the remainder when f is divided by 14?
11
Let x = -26 + 29. Calculate the remainder when 97 is divided by (560/42)/(2/x).
17
What is the remainder when 61 is divided by (-1136)/(-72) - 2/(-9)?
13
Suppose -49 = -3*x + d, 2*x = -5*d + 43 - 16. Let w = 0 + x. Suppose 0 = 4*r - 6*r + 12. Calculate the remainder when w is divided by r.
4
Let k(f) be the third derivative of f**4/24 + 2*f**3/3 - 2*f**2. What is the remainder when k(3) is divided by 2?
1
Let b(g) = -g**2 + 13*g - 14. What is the remainder when b(11) is divided by -9*(-4 + 55/15)?
2
Let k = 1 + 8. What is the remainder when 14 is divided by k?
5
Let o be (-3)/12 - 1/(-4). Suppose 2*r + r = o. Let t(m) = -m**3 - m**2 - m + 16. Calculate the remainder when 46 is divided by t(r).
14
Let k(n) = -3*n - 18. Calculate the remainder when k(-12) is divided by (-2 - -6) + 2 + -1 + 2.
4
Let k be (-1 - 2/6)*6. Let v = -6 - k. Suppose -2*b + 47 + 2 = -3*u, -v*b - 4*u = -14. What is the remainder when b is divided by 9?
8
Let j(p) = -26*p**3 - 5*p**2 - 1. Let c(t) = -2*t**2. Let n(z) = -6*c(z) + 2*j(z). Let r be n(2). What is the remainder when (2/4)/((-5)/r) is divided by 21?
20
Let h(r) = 4*r - 4 - 96*r**3 + 5 - 2*r. Let c be h(-1). Suppose 6*d - d - c = 0. What is the remainder when d is divided by 7?
5
Let w be 4 - (2 - 0) - 1. Suppose -9*b - 24 = -177. Calculate the remainder when b is divided by (1 + w)*(-36)/(-8).
8
Let f(h) be the third derivative of h**5/60 + 5*h**4/24 - h**3/2 + 3*h**2. What is the remainder when f(-7) is divided by 7?
4
Suppose -3*k = -5*m - 40, 2*m = -2*m - 20. What is the remainder when k is divided by 3?
2
Let k(u) = 2*u**2 - 2*u - 2. Let v be k(2). Suppose -3*l = v*l - 70. Calculate the remainder when l is divided by ((-12)/5)/((-3)/10).
6
Suppose 5*u - 4*u - 43 = 0. Suppose 3*a - 26 = -y, 0 = -4*a - 5*y + 2*y + u. Calculate the remainder when a is divided by 5.
2
Suppose 0 - 3 = -y. Suppose y*a - 50 = -11. Suppose -2*h = j - a, -h - j = -6*j - 23. What is the remainder when 22 is divided by h?
6
Let r(o) = -o**3 - 5*o**2 + 5*o - 6. Let w be r(-5). Let m = w + 46. Let z(l) = 6*l**2 - 3*l - 1. What is the remainder when z(-2) is divided by m?
14
Suppose 3*m = -5*d - 28 - 17, 0 = -2*m - 5*d - 30. Let n = m - -22. Let g(t) = -t**2 + 12. What is the remainder when g(0) is divided by n?
5
Suppose -4*r + 18 + 2 = 0. What is the remainder when r is divided by 1?
0
What is the remainder when 43 is divided by 4 + (2 - 3)*-18?
21
Let a = 70 + -132. Let r = -10 - a. Calculate the remainder when r is divided by 14.
10
Suppose 5*q + 55 = 4*v + 4*q, 4*q + 10 = v. Calculate the remainder when 22 is divided by v.
8
Let o(u) = -8*u. Let s(v) be the third derivative of -77*v**4/8 - 2*v**2. Let f(c) = -88*o(c) + 3*s(c). What is the remainder when f(4) is divided by 15?
14
Let y be 457/9 - (-4)/18. Suppose -4*g = -y + 3. What is the remainder when g is divided by (-33)/(-6) + 1/(-2)?
2
Suppose 3*k + 9 = -0*k. Let b(n) = n**3 + 5*n**2 + 2*n - 1. Calculate the remainder when 32 is divided by b(k).
10
Suppose 4*x = 2*p - 4, -4*p + 2*x - 2 + 4 = 0. Calculate the remainder when p + 0 + 2 + 5 is divided by 3.
1
Suppose 3*i + 40 = 8*i. Let p be 20*(2/i + 0). Suppose 0*d = 3*d - 9, -5*l + p*d = 10. Calculate the remainder when 3 is div